ons digit of 84397369?
4
What is the millions digit of 154743448?
4
What is the hundred thousands digit of 351496495?
4
What is the billions digit of 1092879639?
1
What is the hundred thousands digit of 523658315?
6
What is the millions digit of 178521165?
8
What is the units digit of 34194367?
7
What is the hundred millions digit of 2070574540?
0
What is the thousands digit of 4195024668?
4
What is the hundred millions digit of 533293924?
5
What is the thousands digit of 186879807?
9
What is the hundreds digit of 57571268?
2
What is the ten millions digit of 250261087?
5
What is the hundreds digit of 2800425615?
6
What is the hundred millions digit of 798947318?
7
What is the units digit of 116585463?
3
What is the hundreds digit of 95556859?
8
What is the hundreds digit of 82686883?
8
What is the millions digit of 70749001?
0
What is the tens digit of 31717660?
6
What is the hundred thousands digit of 18799173?
7
What is the millions digit of 1584430429?
4
What is the hundreds digit of 10384155?
1
What is the tens digit of 193790405?
0
What is the billions digit of 6991993427?
6
What is the units digit of 222050477?
7
What is the thousands digit of 89001949?
1
What is the units digit of 97786429?
9
What is the thousands digit of 9984380?
4
What is the ten thousands digit of 473799702?
9
What is the thousands digit of 165265652?
5
What is the hundreds digit of 134625771?
7
What is the millions digit of 416660361?
6
What is the units digit of 99475500?
0
What is the tens digit of 5981100866?
6
What is the ten millions digit of 66337165?
6
What is the thousands digit of 244373814?
3
What is the hundred millions digit of 3816232015?
8
What is the thousands digit of 696424?
6
What is the ten thousands digit of 36977737?
7
What is the ten thousands digit of 78290674?
9
What is the thousands digit of 74276801?
6
What is the millions digit of 503325985?
3
What is the hundred thousands digit of 832927772?
9
What is the thousands digit of 190339269?
9
What is the ten millions digit of 378287014?
7
What is the billions digit of 2679546841?
2
What is the units digit of 59539840?
0
What is the ten millions digit of 2454298793?
5
What is the hundred thousands digit of 8886693408?
6
What is the units digit of 393274972?
2
What is the millions digit of 237933026?
7
What is the tens digit of 1598133894?
9
What is the tens digit of 223040019?
1
What is the hundred thousands digit of 99824212?
8
What is the millions digit of 165716736?
5
What is the hundreds digit of 290278465?
4
What is the ten thousands digit of 13487720?
8
What is the hundred thousands digit of 120382935?
3
What is the millions digit of 78643010?
8
What is the tens digit of 5556759160?
6
What is the hundreds digit of 8113551?
5
What is the millions digit of 5993270?
5
What is the thousands digit of 698075649?
5
What is the hundreds digit of 228938904?
9
What is the ten millions digit of 194278069?
9
What is the hundred millions digit of 152938336?
1
What is the hundred thousands digit of 1282029732?
0
What is the tens digit of 932118956?
5
What is the thousands digit of 5473137584?
7
What is the ten thousands digit of 130929173?
2
What is the units digit of 318349427?
7
What is the hundreds digit of 889369202?
2
What is the hundred thousands digit of 1732301252?
3
What is the hundred millions digit of 2628788665?
6
What is the ten thousands digit of 636019967?
1
What is the tens digit of 395741095?
9
What is the hundred thousands digit of 107513514?
5
What is the hundred thousands digit of 101028321?
0
What is the tens digit of 458034112?
1
What is the thousands digit of 18612608?
2
What is the ten millions digit of 156997787?
5
What is the thousands digit of 43747257?
7
What is the thousands digit of 3297646532?
6
What is the millions digit of 12834530?
2
What is the thousands digit of 105304401?
4
What is the tens digit of 52684857?
5
What is the millions digit of 66280601?
6
What is the ten thousands digit of 480695304?
9
What is the millions digit of 30986066?
0
What is the ten thousands digit of 7282059?
8
What is the hundreds digit of 2021879891?
8
What is the units digit of 4285163551?
1
What is the hundred thousands digit of 5658330?
6
What is the ten millions digit of 13461643?
1
What is the hundred thousands digit of 58183468?
1
What is the millions digit of 220623351?
0
What is the thousands digit of 19246071?
6
What is the tens digit of 3737951930?
3
What is the ten thousands digit of 2356968151?
6
What is the hundred thousands digit of 51657779?
6
What is the ten thousands digit of 2298800465?
0
What is the ten thousands digit of 3528373310?
7
What is the thousands digit of 648951693?
1
What is the hundred thousands digit of 1030913015?
9
What is the hundred thousands digit of 22733746?
7
What is the thousands digit of 154889127?
9
What is the tens digit of 1037780404?
0
What is the millions digit of 56664802?
6
What is the millions digit of 1107162053?
7
What is the hundreds digit of 136502473?
4
What is the ten millions digit of 449808455?
4
What is the millions digit of 849811662?
9
What is the hundred thousands digit of 4047651779?
6
What is the thousands digit of 2600735067?
5
What is the hundred millions digit of 2002134095?
0
What is the thousands digit of 261441179?
1
What is the units digit of 2170926716?
6
What is the millions digit of 364720983?
4
What is the thousands digit of 98060477?
0
What is the ten millions digit of 73850333?
7
What is the millions digit of 35155181?
5
What is the hundreds digit of 8516468?
4
What is the ten thousands digit of 19325939?
2
What is the hundreds digit of 979641334?
3
What is the hundred thousands digit of 2651989794?
9
What is the thousands digit of 546178313?
8
What is the units digit of 457542014?
4
What is the hundreds digit of 91346347?
3
What is the hundreds digit of 1511823242?
2
What is the hundred thousands digit of 1430128064?
1
What is the ten thousands digit of 38395550?
9
What is the ten thousands digit of 5271250596?
5
What is the tens digit of 43143995?
9
What is the hundreds digit of 17709378?
3
What is the ten thousands digit of 1070612631?
1
What is the thousands digit of 376359703?
9
What is the hundred thousands digit of 277509367?
5
What is the ten millions digit of 1436642986?
3
What is the thousands digit of 355530064?
0
What is the hundred millions digit of 184533870?
1
What is the ten millions digit of 114220703?
1
What is the thousands digit of 10472471?
2
What is the hundred thousands digit of 15567544?
5
What is the tens digit of 20934545?
4
What is the ten thousands digit of 1376701818?
0
What is the hundreds digit of 1601713905?
9
What is the billions digit of 1620015528?
1
What is the hundreds digit of 370253190?
1
What is the ten thousands digit of 22939501?
3
What is the ten thousands digit of 534831724?
3
What is the thousands digit of 590168745?
8
What is the millions digit of 1351641044?
1
What is the ten millions digit of 688156222?
8
What is the thousands digit of 79645365?
5
What is the millions digit of 5124402?
5
What is the billions digit of 1653908363?
1
What is the hundred millions digit of 5852663637?
8
What is the hundreds digit of 278839049?
0
What is the millions digit of 485577120?
5
What is the tens digit of 13289470?
7
What is the units digit of 46783182?
2
What is the thousands digit of 64251345?
1
What is the millions digit of 249081835?
9
What is the hundreds digit of 40247056?
0
What is the hundred millions digit of 1022348003?
0
What is the ten millions digit of 23567357?
2
What is the units digit of 7313085398?
8
What is the ten thousands digit of 38746554?
4
What is the ten thousands digit of 158321201?
2
What is the tens digit of 3172530465?
6
What is the millions digit of 105591015?
5
What is the units digit of 64565501?
1
What is the thousands digit of 337939671?
9
What is the ten millions digit of 1202258161?
0
What is the millions digit of 79985587?
9
What is the thousands digit of 339781153?
1
What is the hundreds digit of 313588650?
6
What is the units digit of 135427330?
0
What is the units digit of 2759034243?
3
What is the millions digit of 174106479?
4
What is the hundreds digit of 2255508044?
0
What is the units digit of 707184213?
3
What is the thousands d